
-41
Let m(s) = 4*s**3 + 6*s**2 - 10*s + 5. Give m(1).
5
Let c(z) = z**3 + 6*z**2 - 8*z + 9. Calculate c(5).
244
Let i(o) = -o**2 + 2*o - 7. Determine i(4).
-15
Let d(h) = -4*h + 19. Calculate d(7).
-9
Let b(v) = -v**2 + 6*v - 5. What is b(8)?
-21
Let s(d) = 8*d + 79. Determine s(-12).
-17
Let h(o) = 2*o**3 + 7*o**2 - 5*o + 12. What is h(-5)?
-38
Let q(n) = -6*n + 1. Determine q(1).
-5
Let j(r) = r**2 + 14*r + 20. Determine j(-6).
-28
Let r(w) = -w**3 + 21*w**2 + 101*w - 31. What is r(25)?
-6
Let i(v) = -17*v - 97. Give i(-6).
5
Let a(t) = 5*t + 22. Calculate a(-5).
-3
Let b(m) = -5*m**2 + 3*m - 9. What is b(-4)?
-101
Let a(v) = 3*v**2 - 69*v + 3. What is a(23)?
3
Let j(z) = z**2 + 5*z + 5. Calculate j(-4).
1
Let h(v) = v**2 + 4*v - 8. Give h(-5).
-3
Let o(s) = -20*s + 1192. Calculate o(60).
-8
Let n(u) = u**3 - 8*u**2 - 8*u - 19. Determine n(9).
-10
Let z(s) = -11*s - 8. Give z(-1).
3
Let q(x) = 4*x + 97. What is q(-25)?
-3
Let m(p) = p**2 + 29*p + 149. Calculate m(-20).
-31
Let s(v) = -15*v**2 + v + 1. Determine s(2).
-57
Let z(n) = -n**3 - 6*n**2 - 5*n + 4. What is z(-4)?
-8
Let c(q) = 9*q - 456. Calculate c(51).
3
Let m(k) = 5*k - 7. Determine m(13).
58
Let j(s) = s**3 + 6*s**2 - 2*s + 13. Determine j(-6).
25
Let u(o) = o**3 + 9*o**2 + 8*o + 41. Give u(-7).
83
Let g(q) = 5*q - 29. Determine g(6).
1
Let o(w) = -w**2 + 14*w + 14. What is o(12)?
38
Let i(t) = -2*t - 13. Calculate i(-7).
1
Let u(j) = 4*j. What is u(-1)?
-4
Let x(r) = r**2 + 30*r + 1. Calculate x(-5).
-124
Let w(k) = -4*k + 1. Calculate w(-1).
5
Let h(d) = d**2 - 7*d - 12. Calculate h(9).
6
Let x(r) = 2*r**2 - 17*r - 31. Give x(10).
-1
Let v(b) = 23*b + 1. Determine v(2).
47
Let h(b) = 18*b + 256. Give h(-14).
4
Let n(j) = j**3 - 12*j**2 + 5*j + 14. Determine n(11).
-52
Let b(o) = 12*o + 18. Determine b(-19).
-210
Let t(n) = -n**3 - 3*n**2 - 2*n - 1. Give t(-2).
-1
Let i(g) = -g**3 + 12*g**2 - 10*g - 7. Determine i(11).
4
Let a(l) = -6*l**3 - 6*l**2 - 6*l + 8. Calculate a(-3).
134
Let k(p) = 65*p - 655. Calculate k(10).
-5
Let w(z) = -15*z + 22. Give w(2).
-8
Let r(a) = a**3 - 8*a**2 - 5*a + 34. Give r(8).
-6
Let i(o) = -22*o - 2. Give i(-2).
42
Let l(d) = -38*d - 265. Give l(-7).
1
Let i(a) = -a**3 + 6*a**2 + 3*a - 3. Give i(6).
15
Let c(a) = a**3 - 6*a**2 - 7*a - 5. Determine c(7).
-5
Let p(g) = g**3 + 6*g**2 - g + 8. Determine p(-6).
14
Let b(m) = -2*m - 1. Give b(4).
-9
Let q(r) = r**3 - r + 63. Determine q(0).
63
Let c(m) = -2*m**2 + 3*m - 1. Give c(-2).
-15
Let v(z) = -z**3 - 2*z**2 + 4*z - 3. Calculate v(4).
-83
Let h(z) = 2*z**2 - 4*z + 12. Calculate h(4).
28
Let y(w) = 5*w**2 - 23*w - 7. Calculate y(5).
3
Let v(j) = j**3 - 7*j**2 - 4. Determine v(7).
-4
Let q(a) = 4*a**3 + 2*a**2 - 3*a + 1. Calculate q(1).
4
Let k(m) = 2*m**2 - 44*m + 15. Determine k(22).
15
Let b(v) = -v**3 + 25*v**2 + 29*v - 81. What is b(26)?
-3
Let f(y) = -y - 9. What is f(-10)?
1
Let s(b) = -7*b + 41. Determine s(7).
-8
Let r(n) = n**3 - 6*n**2 - 2*n + 12. Give r(6).
0
Let s(u) = u - 6. What is s(11)?
5
Let f(r) = r**3 + 22*r**2 - 19*r + 5. What is f(-23)?
-87
Let u(g) = g**3 + 9*g**2 + 9. What is u(-5)?
109
Let k(n) = 10*n + 168. What is k(-16)?
8
Let s(w) = w**3 + 10*w**2 - 2*w + 9. Determine s(-10).
29
Let f(x) = -8*x + 354. Give f(43).
10
Let f(v) = v**3 + 11*v**2 + 10*v - 5. What is f(-10)?
-5
Let t(p) = -p**2 - 2*p + 13. Give t(0).
13
Let n(y) = -y**3 - 5*y**2 + 7*y + 8. Calculate n(-6).
2
Let q(m) = 3*m**3 + m**2 - 11*m - 11. What is q(-1)?
-2
Let p(f) = f + 11. Calculate p(-10).
1
Let s(n) = n**3 - 9*n**2 - n + 12. Calculate s(9).
3
Let a(u) = -u**3 + 2*u**2 + 25*u - 1. Determine a(6).
5
Let c(r) = -r + 9. What is c(15)?
-6
Let c(h) = 54*h - 225. Calculate c(4).
-9
Let l(u) = u**2 + 26*u + 14. Give l(-16).
-146
Let s(v) = v**2 + 29*v - 147. What is s(5)?
23
Let k(g) = -36*g + 17. Determine k(3).
-91
Let k(w) = -w**2 - w + 26. Calculate k(-8).
-30
Let r(c) = 4*c**2 - 42*c - 20. What is r(12)?
52
Let i(z) = -2*z**3 - 11*z**2 + 3*z - 11. Give i(-6).
7
Let y(w) = -4*w**2 - 19*w - 7. Give y(-4).
5
Let o(v) = v + 29. Calculate o(-27).
2
Let v(k) = -k**3 + 6*k**2 + k + 6. What is v(6)?
12
Let n(g) = 25*g + 18. What is n(2)?
68
Let t(w) = 14*w. What is t(-2)?
-28
Let k(i) = -i**3 - 8*i**2 - 5*i + 5. Give k(-7).
-9
Let h(b) = b**2 + 26*b - 2. Give h(-27).
25
Let y(z) = -10*z + 120. Give y(12).
0
Let g(f) = -f**2 + 70*f - 497. What is g(8)?
-1
Let q(h) = 19*h + 18. Determine q(6).
132
Let r(i) = 10*i - 94. Calculate r(7).
-24
Let i(t) = -14*t + 32. Determine i(2).
4
Let k(y) = 4*y**2 - 12*y - 37. Give k(-3).
35
Let p(r) = -2*r + 9. Determine p(6).
-3
Let d(k) = -k**3 - k**2 - 4*k + 4. Give d(0).
4
Let b(c) = 9*c + 188. Give b(-23).
-19
Let h(l) = l - 30. Determine h(14).
-16
Let v(b) = 9*b - 116. What is v(13)?
1
Let q(y) = 4*y**2 - 37*y - 20. What is q(10)?
10
Let m(v) = 3*v + 5. Calculate m(-14).
-37
Let i(f) = f**2 - 6*f + 1. Give i(5).
-4
Let g(q) = q**3 - 2*q**2 + 4*q - 6. Give g(2).
2
Let k(s) = 2*s + 75. Calculate k(-38).
-1
Let q(s) = -10*s**2 + 3*s. Calculate q(1).
-7
Let s(m) = -m**2 - 2*m + 4. What is s(-3)?
1
Let a(g) = -g**2 + 3*g + 24. Give a(-6).
-30
Let x(q) = -q - 4. Determine x(-3).
-1
Let k(n) = n**3 + 8*n**2 + 16*n + 18. Give k(-6).
-6
Let c(j) = j**3 + 2*j**2 - 3*j - 5. Determine c(-2).
1
Let a(y) = -y**2 - 12*y - 21. Give a(-9).
6
Let u(t) = -t**3 - 8*t**2 - 9*t + 2. What is u(-4)?
-26
Let c(q) = 3*q**2 + 2*q + 14. Determine c(-3).
35
Let i(s) = -2*s**2 - 9*s - 1. Calculate i(-6).
-19
Let j(b) = 2*b - 11. What is j(-8)?
-27
Let z(i) = -i**2 + 13*i - 13. Calculate z(10).
17
Let w(o) = o**3 - o**2 - 4. What is w(2)?
0
Let l(b) = -b**2 - 16*b + 3. Calculate l(-15).
18
Let l(t) = 2*t**3 + t**2. Calculate l(2).
20
Let k(r) = -r**2 - 34*r + 189. Give k(-39).
-6
Let m(c) = 19*c - 40. Determine m(2).
-2
Let c(q) = -q**3 - 16*q**2 - 11*q + 9. Calculate c(-15).
-51
Let n(l) = l**3 + 39*l**2 + 3*l + 111. Calculate n(-39).
-6
Let q(m) = 84*m**3 + 1. Determine q(-1).
-83
Let q(x) = x**3 + 18*x**2 - 18*x + 17. Determine q(-19).
-2
Let a(z) = z + 7. Determine a(26).
33
Let r(z) = z - 18. Give r(4).
-14
Let a(c) = c**2 + 24*c + 1. Give a(-22).
-43
Let d(u) = -u + 29. What is d(4)?
25
Let r(j) = -11*j - 70. Determine r(-11).
51
Let k(z) = -3*z - 14. What is k(-5)?
1
Let h(j) = j + 7. Give h(-9).
-2
Let a(f) = -f**2 - 7*f - 13. Calculate a(-4).
-1
Let m(h) = -h**3 + h**2 - 7. Give m(0).
-7
Let o(j) = j**2 + 18*j. Give o(-11).
-77
Let t(l) = l**2 + 28*l + 98. What is t(-24)?
2
Let k(d) = d**3 + d**2 - 22*d + 8. Determine k(4).
0
Let u(d) = -d**3 - 4*d**2 + 13*d + 8. Give u(-6).
2
Let g(h) = -9*h + 217. Give g(24).
1
Let t(v) = -3*v**2 + 6*v + 11. Calculate t(-2).
-13
Let y(s) = -s**2 - 8*s - 8. What is y(-6)?
4
Let q(j) = -18*j + 14. What is q(5)?
-76
Let h(f) = -f**3 - 7*f**2 - 8*f - 9. Calculate h(-6).
3
Let w(o) = 3*o + 12. Determine w(-7).
-9
Let l(u) = -u**3 - 9*u**2 + u + 3. What is l(-9)?
-6
Let a(n) = -n**2 - 3*n - 1. Give a(3).
-19
Let g(n) = 8*n**3 - n. Determine g(1).
7
Let a(x) = -x**3 - 14*x**2 + 3*x + 16. Give a(-14).
-26
Let m(c) = 12*c - 37. Calculate m(3).
-1
Let c(m) = -48*m**2 - 2*m. Determine c(-1).
-46
Let t(r) = 2*r - 16. What is t(6)?
-4
Let n(j) = 11*j + 85. What is n(-4)?
41
Let v(r) = 2*r + 26. What is v(-5)?
16
Let q(h) = 24*h - 204. Give q(9).
12
Let a(j) = j**3 + 13*j**2 - 50*j - 45. Calculate a(-16).
-13
Let s(f) = -17*f. What is s(1)?
-17
Let s(a) = 13*a - 36. Give s(5).
29
Let o(c) = 6*c + 217. What is o(-34)?
13
Let q(l) = 41*l - 71. What is q(2)?
11
Let a(d) = -5*d**3 + 2*d**2 - 2*d - 4. What is a(-2)?
48
Let u(t) = t**3 + t + 10. Calculate u(0).
10
Let i(d) = -d**2 - 16*d - 12. What is i(-16)?
-12
Let t(p) = p**3 + 10*p**2 - 11*p + 8. What is t(-11)?
8
Let k(b) = -b**2 - 22*b + 21. Give k(-23).
-2
Let p(d) = -d - 3. What is p(0)?
-3
Let n(q) = -q**2 - 22*q - 12. Determine n(-11).
109
Let x(j) = -j**2 + 9*j + 7. Calculate x(10).
-3
Let z(s) = s**3 + 26*s**2 + 25*s - 1. Determine z(-25).
-1
Let f(y) = y**2 + y + 3. Calculate f(-4).
15
Let k(j) = -2*j + 19. What is k(13)?
-7
Let c(x) = -2*x - 12. What is c(-5)?
-2
Let j(m) = -m**2 + 11. Determine j(0).
11
Let c(w) = 2*w**2 - 17*w + 13. Calculate c(7).
-8
Let o(k) = -k**3 - 7*k**2 + k. Give o(-6).
-42
Let q(j) 